{"id":1913156,"date":"2026-04-29T13:33:00","date_gmt":"2026-04-29T13:33:00","guid":{"rendered":"https:\/\/isf.gov.lb\/?post_type=activity_of_gm&#038;p=1913156"},"modified":"2026-04-29T13:33:02","modified_gmt":"2026-04-29T13:33:02","slug":"le-general-abdallah-a-recu-le-charge-daffaires-de-lambassade-de-syrie-au-liban","status":"publish","type":"activity_of_gm","link":"https:\/\/isf.gov.lb\/fr\/activity_of_gm\/le-general-abdallah-a-recu-le-charge-daffaires-de-lambassade-de-syrie-au-liban\/","title":{"rendered":"Le g\u00e9n\u00e9ral Abdallah a re\u00e7u le charg\u00e9 d\u2019affaires de l\u2019ambassade de Syrie au Liban."},"content":{"rendered":"","protected":false},"featured_media":0,"template":"","class_list":["post-1913156","activity_of_gm","type-activity_of_gm","status-publish","hentry"],"acf":{"description":"<p data-start=\"0\" data-end=\"25\" style=\"font-size:16px; direction:ltr;\">\n<p data-start=\"27\" data-end=\"347\" style=\"font-size:16px; direction:ltr;\">Le directeur g\u00e9n\u00e9ral des Forces de s\u00e9curit\u00e9 int\u00e9rieure, le g\u00e9n\u00e9ral Raed Abdallah, a re\u00e7u dans son bureau \u00e0 la caserne du quartier g\u00e9n\u00e9ral, hier \u00e0 midi (28-04-2026), le charg\u00e9 d\u2019affaires de l\u2019ambassade de Syrie au Liban, M. Iyad Al-Hazzaa, lors d\u2019une visite au cours de laquelle les situations g\u00e9n\u00e9rales ont \u00e9t\u00e9 abord\u00e9es.<\/p>\n","date":"29\/04\/2026","media":[{"file":"https:\/\/isf.gov.lb\/wp-content\/uploads\/2026\/04\/sasa.jpg.jpeg","thumbnail":false,"youtube_iframe":""}],"pinned":false},"_links":{"self":[{"href":"https:\/\/isf.gov.lb\/fr\/wp-json\/wp\/v2\/activity_of_gm\/1913156","targetHints":{"allow":["GET"]}}],"collection":[{"href":"https:\/\/isf.gov.lb\/fr\/wp-json\/wp\/v2\/activity_of_gm"}],"about":[{"href":"https:\/\/isf.gov.lb\/fr\/wp-json\/wp\/v2\/types\/activity_of_gm"}],"wp:attachment":[{"href":"https:\/\/isf.gov.lb\/fr\/wp-json\/wp\/v2\/media?parent=1913156"}],"curies":[{"name":"wp","href":"https:\/\/api.w.org\/{rel}","templated":true}]}}

Le général Abdallah a reçu le chargé d’affaires de l’ambassade de Syrie au Liban.

<p data-start="0" data-end="25" style="font-size:16px; direction:ltr;">
<p data-start="27" data-end="347" style="font-size:16px; direction:ltr;">Le directeur général des Forces de sécurité intérieure, le général Raed Abdallah, a reçu dans son bureau à la caserne du quartier général, hier à midi (28-04-2026), le chargé d’affaires de l’ambassade de Syrie au Liban, M. Iyad Al-Hazzaa, lors d’une visite au cours de laquelle les situations générales ont été abordées.</p>
